3, 51324703
What are the prime factors of 95402983?
13, 37, 241, 823
What are the prime factors of 52249297?
19, 211, 13033
List the prime factors of 93462184.
2, 433, 26981
What are the prime factors of 134472382?
2, 11, 555671
List the prime factors of 87199249.
31, 521, 5399
List the prime factors of 5051229256.
2, 631403657
What are the prime factors of 9191303?
11, 101, 8273
List the prime factors of 108568616.
2, 13, 1043929
List the prime factors of 132270188.
2, 33067547
What are the prime factors of 912823249?
13, 89, 60689
List the prime factors of 244845195.
3, 5, 7, 2331859
What are the prime factors of 44883165?
3, 5, 739, 4049
What are the prime factors of 2129534402?
2, 19, 2803, 19993
What are the prime factors of 73084171?
73084171
What are the prime factors of 1479893810?
2, 5, 31, 37, 129023
What are the prime factors of 115694106?
2, 3, 11, 1752941
What are the prime factors of 1493797317?
3, 9067, 54917
What are the prime factors of 60092932?
2, 1609, 9337
List the prime factors of 317495252.
2, 83, 956311
What are the prime factors of 170166591?
3, 7, 271, 9967
List the prime factors of 1238746715.
5, 167, 1483529
List the prime factors of 157457424.
2, 3, 3280363
What are the prime factors of 2019300697?
2719, 742663
List the prime factors of 479436876.
2, 3, 2543, 5237
What are the prime factors of 497042487?
3, 6136327
What are the prime factors of 4776889411?
7, 97487539
What are the prime factors of 504347532?
2, 3, 13, 3232997
List the prime factors of 557991056.
2, 7, 109, 45707
List the prime factors of 146701543.
1951, 75193
List the prime factors of 498110221.
7, 389, 182927
List the prime factors of 1982973480.
2, 3, 5, 59, 379, 739
List the prime factors of 1166308.
2, 11, 13, 2039
What are the prime factors of 57771513?
3, 701, 9157
List the prime factors of 551373053.
7, 11, 17, 397, 1061
What are the prime factors of 275690509?
101, 1229, 2221
List the prime factors of 90213014.
2, 311, 145037
What are the prime factors of 49134268?
2, 127, 311
List the prime factors of 2719294010.
2, 5, 2083, 130547
List the prime factors of 592364623.
53, 607, 18413
What are the prime factors of 47181702?
2, 3, 47, 167311
What are the prime factors of 26483129?
26483129
List the prime factors of 337220067.
3, 112406689
What are the prime factors of 359804353?
467, 770459
What are the prime factors of 45376791?
3, 17, 41, 21701
What are the prime factors of 447628916?
2, 7, 197, 11593
What are the prime factors of 614054544?
2, 3, 12792803
What are the prime factors of 74558875?
5, 31, 71, 271
What are the prime factors of 94702411?
94702411
What are the prime factors of 639614007?
3, 107, 809, 821
List the prime factors of 80224860.
2, 3, 5, 199, 6719
What are the prime factors of 1867338041?
31, 60236711
List the prime factors of 409496610.
2, 3, 5, 13649887
List the prime factors of 423513737.
97, 4366121
What are the prime factors of 73850999?
23, 307, 10459
What are the prime factors of 321834117?
3, 11, 9752549
What are the prime factors of 78863774?
2, 11, 281, 12757
List the prime factors of 63333256.
2, 7, 1130951
What are the prime factors of 7565298?
2, 3, 13, 23, 4217
List the prime factors of 39074171.
23, 1698877
What are the prime factors of 78449694?
2, 3, 37, 313, 1129
What are the prime factors of 44675807?
11, 607, 6691
List the prime factors of 846960004.
2, 11, 23, 836917
What are the prime factors of 296617526?
2, 43, 1303, 2647
List the prime factors of 10085603.
11, 389, 2357
What are the prime factors of 769895426?
2, 557, 691109
What are the prime factors of 159533871?
3, 7, 7596851
What are the prime factors of 66788828?
2, 349, 47843
List the prime factors of 6175470.
2, 3, 5, 7, 4201
List the prime factors of 100267192.
2, 229, 239
What are the prime factors of 112605368?
2, 103, 136657
What are the prime factors of 124106503?
124106503
What are the prime factors of 786440426?
2, 23, 31, 61, 9041
What are the prime factors of 5833096552?
2, 97, 7516877
List the prime factors of 101779776.
2, 3, 7, 25243
What are the prime factors of 910872232?
2, 229, 421, 1181
What are the prime factors of 903681855?
3, 5, 223, 90053
List the prime factors of 60018624.
2, 3, 47, 739
What are the prime factors of 2472469134?
2, 3, 23, 1607, 11149
List the prime factors of 162984040.
2, 5, 4074601
What are the prime factors of 206324062?
2, 7, 37, 43, 59, 157
List the prime factors of 497717947.
7561, 65827
What are the prime factors of 78919290?
2, 3, 5, 191, 4591
List the prime factors of 3921764608.
2, 83, 184571
List the prime factors of 469267647.
3, 29, 433, 12457
List the prime factors of 22033711.
7, 19, 165667
List the prime factors of 18714154.
2, 1721, 5437
What are the prime factors of 921884306?
2, 7, 29, 71, 31981
What are the prime factors of 13692432?
2, 3, 13, 21943
What are the prime factors of 321398572?
2, 11, 53, 283, 487
What are the prime factors of 154573801?
983, 157247
List the prime factors of 297709430.
2, 5, 31, 960353
List the prime factors of 106762967.
106762967
List the prime factors of 1713080387.
1713080387
What are the prime factors of 1467445225?
5, 281, 208889
What are the prime factors of 44985069?
3, 4998341
List the prime factors of 4508905197.
3, 71, 83, 255043
What are the prime factors of 763247387?
7, 23, 4740667
List the prime factors of 362744728.
2, 1487, 30493
List the prime factors of 39041463.
3, 43, 302647
List the prime factors of 1648659764.
2, 37, 53, 101, 2081
What are the prime factors of 204831565?
5, 5077, 8069
List the prime factors of 66827095.
5, 1607, 8317
What are the prime factors of 5770724227?
43, 743, 180623
What are the prime factors of 4628149605?
3, 5, 61, 1686029
List the prime factors of 490050474.
2, 3, 81675079
List the prime factors of 368746713.
3, 40971857
What are the prime factors of 6958868?
2, 7, 157, 1583
List the prime factors of 69782118.
2, 3, 7, 1661479
List the prime factors of 13728351.
3, 7, 13, 50287
List the prime factors of 247465127.
7, 13, 157, 17321
List the prime factors of 266472753.
3, 88824251
What are the prime factors of 485720684?
2, 73, 547, 3041
What are the prime factors of 249959026?
2, 191, 654343
What are the prime factors of 745189582?
2, 372594791
List the prime factors of 20859832.
2, 7, 372497
What are the prime factors of 93209189?
93209189
List the prime factors of 3587165177.
73, 167, 294247
What are the prime factors of 393875500?
2, 5, 787751
List the prime factors of 1099674449.
1099674449
What are the prime factors of 156069116?
2, 7, 19, 5987
List the prime factors of 240193598.
2, 120096799
List the prime factors of 14187922.
2, 7, 283, 3581
What are the prime factors of 385451509?
151, 2552659
What are the prime factors of 2723308721?
7, 23, 2416423
What are the prime factors of 28836060?
2, 3, 5, 11, 43691
What are the prime factors of 1745784863?
1745784863
What are the prime factors of 693727652?
2, 37, 71, 107, 617
What are the prime factors of 2143158757?
2143158757
What are the prime factors of 6700223397?
3, 7, 930199
What are the prime factors of 220492635?
3, 5, 11, 17, 78607
What are the prime factors of 127175597?
127175597
List the prime factors of 60411446.
2, 2029, 14887
List the prime factors of 11269339.
823, 13693
What are the prime factors of 23848695?
3, 5, 13, 107, 127
List the prime factors of 214901279.
409, 525431
What are the prime factors of 2721556340?
2, 5, 31, 4389607
What are the prime factors of 1356298380?
2, 3, 5, 7534991
List the prime factors of 269241679.
7, 38463097
What are the prime factors of 130198625?
5, 43, 24223
List the prime factors of 36456426.
2, 3, 23, 149, 197
What are the prime factors of 88825351?
88825351
What are the prime factors of 56521200?
2, 3, 5, 19, 37, 67
List the prime factors of 960506442.
2, 3, 7, 7623067
What are the prime factors of 134442671?
11, 109, 112129
What are the prime factors of 737179316?
2, 971, 189799
List the prime factors of 3687165.
3, 5, 81937
What are the prime factors of 1638224624?
2, 102389039
List the prime factors of 3112289516.
2, 7, 31, 317, 11311
What are the prime factors of 37034564?
2, 7, 61, 21683
List the prime factors of 75184026.
2, 3, 19, 103, 337
What are the prime factors of 681062229?
